).
-12
Let l(c) = -c**3 + 2*c**2 - 2*c + 3. Suppose 0*v + 3*v = o + 12, 4*v = o + 17. Calculate l(o).
-12
Let f be -2*2*(-3)/(-18)*6. Let r(k) = 3*k**2 + 3*k. What is r(f)?
36
Let j(b) = -3*b**2 - 32*b + 18. Let i(k) = 2*k**2 + 17*k - 8. Let l(p) = 5*i(p) + 3*j(p). Give l(10).
4
Let t(f) = -f**3 - 10*f**2 - 9*f - 5. Suppose -4*i - 26 - 18 = -2*w, -4*i - 16 = 5*w. Give t(i).
-5
Let b(p) = -2 + 4 - 5*p - 2*p + 2*p. Let z(f) = -f**2 + 15*f - 22. Let n be z(13). What is b(n)?
-18
Let c be (-10 + 12)/(-1*1). Let q(g) = -7*g. Give q(c).
14
Let a = 26 + -28. Let g be 1*(-3)/6*a. Let v(l) = -14*l**3 + l**2 - l. Determine v(g).
-14
Let m(w) = 77*w**2 + 4 + 5*w - 158*w**2 + 80*w**2. Give m(8).
-20
Let w(a) = 51*a - 25*a - 23*a. Let g = 3 - 2. Calculate w(g).
3
Let n(d) = -d**2 - 10*d - 18. Let z be n(-6). Let f(v) = -7*v**2 + 4 - 5*v + v**3 + z*v**2 + 5*v**2. What is f(-5)?
4
Suppose -3*m + 7*m + 108 = 0. Let z = m + 23. Let s(d) = d**2 - 1 + 5*d + 6 + 1. What is s(z)?
2
Let j(s) = -s**3 - 5*s**2 + 6*s - 3. Suppose -27 = -5*m - 7. Let q = m - 10. Calculate j(q).
-3
Let l(x) = 25*x**3 + x**2 - 2*x - 2. Suppose 1762 - 1747 = -15*k. Determine l(k).
-24
Let p(v) be the third derivative of -v**4/12 + 5*v**3/3 - 2*v**2. Let f be 32/16*(0 + -2 - 66/(-12)). What is p(f)?
-4
Let q(l) = -l + 6. Let d = -26 - -24. Let c = d + 8. Give q(c).
0
Suppose 242*r - 13 = 255*r. Let o(l) = 9*l. What is o(r)?
-9
Let v(j) = -2*j**2 - 3*j - 3. Let k(m) = -2*m**2 - 3*m - 3. Suppose -i + 5*u + 4 = i, 2*u = 4. Let l(a) = i*v(a) - 6*k(a). Determine l(-2).
-5
Let c(d) be the first derivative of -3 - 1/2*d**2 + 0*d. Give c(-6).
6
Suppose -4*q + 3 = -3*q. Let b be q - 0/((-6)/(-3)). Suppose -c = b*i + 16 + 8, 5 = i - 4*c. Let u(x) = -x**2 - 7*x + 9. Give u(i).
9
Let r be -1 - (-3)/(-2 - -3). Let l(s) = 3 + 52*s**r - s**3 + 5*s + 0*s - 57*s**2. Let b = 20 + -26. Determine l(b).
9
Let t(v) = -5*v**2 + 3*v + 21. Let u(o) = -11*o**2 + 5*o + 43. Let n(i) = 9*t(i) - 4*u(i). Let j be n(9). Let p(y) = -10*y. Calculate p(j).
10
Suppose -k + 44 = 4*m, 38 - 8 = m + 5*k. Let l(h) = -2*h + 25. Let y be l(m). Let c(p) be the first derivative of p**2 + 3*p - 2. Give c(y).
13
Suppose l - 4*o - 10 = 2*l, -l + o + 5 = 0. Let v(f) be the second derivative of -f**5/20 + f**4/12 - f**3/3 - f**2/2 - 43*f. Calculate v(l).
-9
Let g(c) = c - 12. Suppose 0 = -4*r + l + 62 + 23, 2*r = -4*l + 20. Suppose 8*k - 60 = r. Determine g(k).
-2
Let n be 1*22*(-4)/(-8). Let x(p) = n - 11 + 0*p**2 - 7*p**2. What is x(-1)?
-7
Let k = 32641 - 32647. Let g(w) = -2*w**3 + 9*w**2 + 4*w - 8. Let d(h) = 5*h**3 - 19*h**2 - 9*h + 17. Let p(y) = 3*d(y) + 7*g(y). What is p(k)?
-11
Let b(v) = -4*v - 6. Let l be (-22)/4 - (-48)/96. What is b(l)?
14
Let z(a) = 12*a**3 - 5*a**2 + 2*a + 1. Let x(w) = 11*w**3 - 4*w**2 + 2*w + 1. Let i(m) = 5*x(m) - 4*z(m). Calculate i(-1).
-8
Let w(f) = -5*f - 1. Suppose -5*z - 10 = 0, -5*m - 5*z = -z - 7. Determine w(m).
-16
Let f(v) = -v**2 - 3*v - 1. Let x(k) = 4*k**2 + 2*k + 2. Let w(l) = -3*f(l) - x(l). Determine w(5).
11
Let j be ((-8)/(-5))/(2/25). Suppose 3*s + 28 = 4*b, -4*s - j = -3*b + 8. Let a(p) = p**2 + 2*p - 3. What is a(s)?
5
Let v(w) = 18*w**2 - w - 5. Let u(c) = -17*c**2 + 2*c + 8. Let j(g) = 2*u(g) + 3*v(g). Calculate j(-1).
20
Suppose 0*k + 60 = 6*k. Let l be (k/(-2) + 7/(-7))/(-2). Let h(a) = -a**2 + 3. What is h(l)?
-6
Let n(l) = 9*l**3 - 2*l**2 + 1. Let g = -31 - -33. Suppose 2*o - 4 = -g*o. Determine n(o).
8
Let m(w) = -2*w + 9. Let x(c) = -3*c + 13. Let r(h) = -11*m(h) + 8*x(h). Determine r(2).
1
Let y(l) = -17*l**2 + 33*l + 80. Let d(i) = -3*i**2 + 7*i + 16. Let j(q) = -11*d(q) + 2*y(q). Determine j(-10).
-6
Suppose 9*f + 1 = -8. Let h(u) = -3*u**2 - u - 1. Calculate h(f).
-3
Let f(x) = -6*x**2 + 5*x + 5. Suppose -9 = -3*a + 3*r, 3*a + 12*r - 10*r + 11 = 0. Give f(a).
-6
Let g(m) = -8*m**3 - 9*m**2 - 13*m - 8. Let y(v) = -11*v**3 - 14*v**2 - 19*v - 13. Let t(i) = -7*g(i) + 5*y(i). Calculate t(7).
-37
Suppose -68 = -4*d - 48. Let h(i) = 3*i - 1. Let f(p) = -4*p + 2. Suppose l + 12 = 4*l. Let q(z) = d*h(z) + l*f(z). Calculate q(0).
3
Let f(h) be the second derivative of h**3/3 - h**2 - h. Suppose -4*u - 2*s = -u - 131, s - 133 = -3*u. Let r be u/10 - (-9)/(-6). What is f(r)?
4
Let d(m) be the third derivative of m**5/60 - 5*m**4/24 - 4*m**3/3 - 96*m**2. Calculate d(7).
6
Let k(m) be the second derivative of m**3/2 + 15*m**2 - 2*m + 55. Calculate k(-8).
6
Let f(d) = 2*d**3 - 7*d**2 + 5*d - 3. Let h(w) = -22*w - 63. Let n be h(-3). What is f(n)?
3
Let h(y) = -4*y + 9. Let l(f) = -5*f + 13. Let d(p) = 4*h(p) - 3*l(p). Determine d(-1).
-2
Let d(i) = -6*i - 2 + 6*i**2 + 3*i - 6. Let n(y) = 7*y**2 - 3*y - 8. Let s(a) = -6*d(a) + 5*n(a). Suppose -567*h = -r - 568*h - 3, 3*r = -2*h. Calculate s(r).
-10
Let o(c) be the third derivative of c**4/24 + c**3/6 + 111*c**2. Calculate o(9).
10
Let r be (-6)/(-6) + 2 - 2. Let m(n) be the second derivative of 2*n**3/3 - n**2/2 + n. What is m(r)?
3
Let q(a) = a**2 + 7*a - 106. Let z be q(-14). Let i(t) = -t**2 - 4*t**2 + 6*t**2 + 1 + 8*t + 0*t**2. What is i(z)?
1
Let a be (21 - 20)*(5 + -1)*2. Let h(x) = -3*x - 1. Give h(a).
-25
Let w(v) = -2*v**2 + 2*v - 2. Let d(r) = r**2 - r + 1. Let m(z) = 7*d(z) + 4*w(z). Let l(n) = -4*n**2 - 3*n + 2. Let a(x) = -l(x) + 3*m(x). Calculate a(-7).
2
Let u(n) = -n**3 + 4*n**2 + 5*n - 1. Suppose 9*j - 44 - 1 = 0. Suppose -10 - j = -3*q. Calculate u(q).
-1
Let i = -11 - -17. Let z = -8 - -13. Let x(u) = 6*u**2 - 7*u - 6. Let y(c) = c**2 - 1. Let m(k) = z*y(k) - x(k). What is m(i)?
7
Let g(i) = -i**3 + 5*i**2 - i - 7. Let z be g(4). Let k(f) = f**2 - 2*f + 5. Give k(z).
20
Let p(f) = -f**2 + 15*f - 11. Suppose 5*y - 2*r = 80, 5*y + r = 2*y + 37. Let v be p(y). Let l(g) = g**2 + 2*g + v + 1 + 0*g - 2*g**2. Calculate l(3).
1
Let w(x) = 11*x + 8. Let j(l) = 14*l + 10. Let m(g) = 4*j(g) - 5*w(g). Suppose -5*a = 2*n - n + 3, n = 2*a - 3. Give m(a).
0
Let l(w) = w**2 + 4*w - 3. Let b be l(-5). Suppose -f - g = 6, 2*g + 15 = -b*f + g. Let m(k) = -k - 2. Calculate m(f).
7
Suppose 4 + 24 = 4*v. Let u(n) = v*n**2 - 13*n**2 - n + 7*n**2 - 2. Give u(2).
0
Suppose -3 - 7 = n. Suppose 9*b = 21*b + 60. Let a = n - b. Let c(z) = -z**3 - 6*z**2 - 2*z + 7. Determine c(a).
-8
Let q be 2*(-1 + (-11)/(-2)). Let l(o) be the second derivative of -13/2*o**2 + 1/6*o**3 + 0 + 4*o. Give l(q).
-4
Let s(m) = -3*m + 23. Let n be s(7). Let k = -4 + n. Let j(x) = 2*x**3 + 2*x**2 + 2*x - 1. What is j(k)?
-13
Let m(t) = -t + 21. Let i be m(11). Let j(p) = 0*p**2 + 5 + 2*p**2 + 6*p**2 - p**3 - i*p. What is j(7)?
-16
Let k be 6 - (-4 - 0)/4. Let q(i) = -2 + 20*i - 2 - 19*i. What is q(k)?
3
Let u(w) = -w + 12. Let m be (-1 - (1 - 4))*(-2 - -4). Calculate u(m).
8
Suppose 5*y - b - 10 = 4*b, 3 = 3*b. Let r(s) = 0 + 2 - y*s - 5. Suppose 5 = -2*d + 1. Give r(d).
3
Let l(d) = d**3 - 6*d**2 - 6*d + 2. Let v(t) = t**3 - 6*t**2 - 5*t + 1. Let z(n) = -5*l(n) + 6*v(n). Calculate z(6).
-4
Suppose 0 = -35*f - 78 + 498. Let v(j) = j**2 - 13*j + 7. Determine v(f).
-5
Let f(b) = -22*b + 18. Let n(a) = 9*a - 7. Let v(w) = -5*f(w) - 12*n(w). Let y be v(5). Let k(d) = d**3 - 4*d**2 - 5. Determine k(y).
-5
Suppose 21 = 3*d - 12. Let n(f) = -3*f + 26. Let y be n(d). Let o(q) = q + 12. Calculate o(y).
5
Let n be (-27)/(-6)*(-8)/6. Let s(x) be the second derivative of -4/3*x**3 - 4*x + 0 + 1/20*x**5 + 5/12*x**4 - 9/2*x**2. Determine s(n).
3
Suppose -15 = -3*c - 3*g, -c = 5*g - 8*g - 5. Let z(i) = i**3 - 6*i**2 + 8*i - 3. What is z(c)?
12
Let k(w) be the first derivative of w**4/12 - 5*w**3/6 + 2*w**2 - 12*w + 1. Let n(t) be the first derivative of k(t). Determine n(3).
-2
Let x(i) = -195*i - 28 + 113*i + 69*i + i**2 - 28 + 8. Determine x(16).
0
Let l be -6*-3*(-1)/6. Let g(o) = 3*o**2 + o**3 - o**2 + o**2 - o. Calculate g(l).
3
Let v(r) = -2*r**3 + 7*r**2 + r + 18. Let q(w) = w**3 + 2*w**2 - 1. Let f(g) = -3*q(g) - v(g). Give f(-13).
-2
Let t be -3*2*2/3. Let m(x) = -282*x - 2 - 6 + 283*x + 5 - 1. Calculate m(t).
-8
Suppose 9 = -4*g + 4*d + 1, -2*d = 4*g - 16. Let r(x) = 3*x**2 + x - 3. Determine r(g).
11
Let z(u) be the first derivative of -41 - 7*u - 1/3*u**3 - 3*u**2. Give z(-5).
-2
Let p(q) be the third derivative of 1/60*q**5 + 1/12*q**4 + 0 - 1/6*q**3 - 10*q**2 + 0*